 20 - 7) is divided by 104.
1
Let x(a) = 3*a + 6. Suppose 819*k - 823*k = -3444. What is the remainder when k is divided by x(6)?
21
Suppose -15*o + 3*o = -1140. Suppose -r - o = -j, -4*j = r - 0*r - 385. Calculate the remainder when j is divided by 36.
24
Let a(o) = 15*o - 139 + 14*o + 10*o - 13*o. Calculate the remainder when (-1)/(-2) - 366/(-12) is divided by a(6).
14
Suppose -39933 = -77*v + 8500. Calculate the remainder when v is divided by 32.
21
Let f(k) = 12*k**2 + 2*k - 31. Calculate the remainder when f(5) is divided by 203.
76
Let q = -16 - -32. What is the remainder when (-8 - 300/(-36)) + 465/9 is divided by q?
4
Let m(u) = -4*u**2 + 8. Let l be m(4). Let a = l + 58. Suppose -y + 19 = -5*z, -8*y + a*z + 30 = -6*y. What is the remainder when 55 is divided by y?
13
Let o(x) = 3*x - 24. Let f be o(7). Let b be -8 + 14 - f/(6/(-4)). Suppose -b*c + 15*c = 1133. What is the remainder when c is divided by 21?
19
Suppose -2*s - 19*h + 24 = -15*h, -3*h = -s - 13. Suppose -s*m + 3*x = -16, 4*m - 2*x - 62 = -m. What is the remainder when 3/(-5) - 2448/(-30) is divided by m?
11
Suppose 5*l - 288*u + 290*u = 43, 4*u = 5*l - 79. Let p = -31 - -49. What is the remainder when p is divided by l?
7
Let f(a) = a**2 - 72*a + 1108. Suppose 3*c - 12 = 3*x, 3*c + 0*x = 2*x + 9. What is the remainder when f(22) is divided by (9 + c)*2/4?
3
Let h be ((16/4)/(-2) - -4)*2. Suppose -h*v - 35 + 103 = 0. What is the remainder when (-4)/8 + (-330)/(-4) is divided by v?
14
Let g = 23 - 7. Let u(q) = -q + 62. Let k be u(0). Suppose -7*m - 20 = -k. Calculate the remainder when g is divided by m.
4
What is the remainder when 929 is divided by (24675/658)/((-6)/(-8))?
29
Let g = 210 + 13. Let i = g + -216. Calculate the remainder when 110 is divided by i.
5
Let w(x) = 2*x**3 + 19*x**2 - 9*x - 2. Let o be w(-10). Let b(l) = 2*l + 32. What is the remainder when 1 + 2 - (-40)/1 is divided by b(o)?
3
Suppose -14*o + 71 = -11*o + j, 0 = -5*j - 5. Suppose -193 = -3*u + 4*l - 0*l, 5*l - 25 = 0. Calculate the remainder when u is divided by o.
23
Let x be (-122)/(-14) + (-22)/(-77). Calculate the remainder when 33 is divided by (-216)/(-10) + x/(405/18).
11
Suppose 0 = -4*x + 3*w + 2 + 209, 0 = 2*x - w - 107. What is the remainder when 383 is divided by x?
53
Suppose 5*p = -5*b + 35, 0 = 4*b - 0*p + p - 13. Suppose 5*m = f + 14, -f = -b*f - 2*m. Calculate the remainder when (f + 51/12)/((-2)/(-232)) is divided by 6.
5
Suppose -2*t + 97 = -13. Suppose -b + 4*b - 2*c = 13, 5*b - t = -5*c. What is the remainder when 399/b + 0 + -4 is divided by 11?
9
Let g be -337 - ((-64)/28 - (-4)/14). Let f = g - -357. What is the remainder when 348 is divided by f?
18
Let r = 109 + -76. Calculate the remainder when 173 is divided by r.
8
Let n(r) = 73*r**2 + r. Let w(q) = -q**3 - 11*q**2 + 2*q + 31. Let p be w(-11). Suppose -17*a = -p*a - 152. Calculate the remainder when n(-1) is divided by a.
15
Suppose 25 + 2 = 3*s. Let i(h) = h**2 - 7*h - 15. Let j be i(s). Calculate the remainder when 6/(-24) - (654/(-8))/j is divided by 17.
10
Let n = 74 + -67. Suppose 0*u + n*u - 2520 = 0. Suppose 3*t + 5*k - u = 0, 600 = 5*t + 3*k + k. Calculate the remainder when t is divided by 41.
38
Suppose -45*a + 3893 + 6967 = -15*a. What is the remainder when a is divided by 41?
34
Suppose -137 = -12*h - 5. Suppose -3 - h = -f + k, 2*f = -3*k + 8. Calculate the remainder when ((-3)/(-6))/(1/98) is divided by f.
9
Let v = 1179 + -1090. Calculate the remainder when 349 is divided by v.
82
Let x(f) = -427*f - 8045. Calculate the remainder when 1834 is divided by x(-19).
66
Let x(o) = 4*o + 37. Let g be x(-13). Let v(s) = s**3 + 15*s**2 + s + 21. What is the remainder when 67 is divided by v(g)?
1
Let v(z) = 167*z + 1934. Calculate the remainder when v(-7) is divided by 37.
25
Let j = -112 - -202. Calculate the remainder when 27 is divided by -1 - j/(20/(-4)).
10
Let i = -555 - -505. Calculate the remainder when 156 is divided by (60/i)/(4/(-170)).
3
Suppose 4*v + 4*d = 7*d - 81, -4*v = 2*d + 106. Let u = v + 33. Suppose 6*y - 49 - 215 = 0. Calculate the remainder when y is divided by u.
8
Let n be -7*4*4/16. Let j = 18 + n. Let q = -39 + 44. What is the remainder when j is divided by q?
1
Suppose 56*a - 8 = 52*a. Suppose -a*u + 200 = 3*p - p, -u + 2 = 0. Let m(d) = 4*d**2 - 4*d + 3. What is the remainder when p is divided by m(2)?
10
Suppose -5*q = -78*a + 75*a - 89, -4*q + a = -67. Calculate the remainder when 30271 is divided by q.
15
Let l = 3377 - 3357. Let y(a) = -6*a + 17. Suppose 0*r + 28 = -4*r. Calculate the remainder when y(r) is divided by l.
19
Suppose -5*v + 4*u + 3646 = 0, 679 = v + 3*u - 130. What is the remainder when v is divided by (-272)/6*(-6)/4?
66
Let d(k) = 15*k - 68. Suppose 5*f = 2*j - 48, -4*j - 3*f = -41 - 3. Calculate the remainder when d(j) is divided by 48.
46
Suppose 60*l - 126408 = -27711 + 113043. Calculate the remainder when l is divided by 26.
19
Let h(f) = f**2 - 25*f + 115. Let g = -289 - -294. What is the remainder when 148 is divided by h(g)?
13
Let o = 5 + -378. Let m = o - -390. What is the remainder when 235 is divided by m?
14
Suppose 5*q - 11 = 2*j, 2*q - 3 = q. Calculate the remainder when ((-31)/j - 1)*150/(-25) is divided by 35.
29
Suppose -37*u + 6 = -38*u. Let y(v) = v**2 + 5*v - 11. Let p be y(-8). Let l = p + u. What is the remainder when 40 is divided by l?
5
What is the remainder when 311 is divided by (2/10 - (-35)/75)/((-8)/(-156))?
12
Suppose -22*u + 1285 - 826 = -619. What is the remainder when u is divided by 21?
7
Let x = -4370 - -4433. What is the remainder when 748 is divided by x?
55
Suppose 0 = 5*j + 2*v - 116, -5*j - 3*v = -2*v - 118. Suppose 0 = 25*z - j*z - 23. What is the remainder when 68 is divided by z?
22
Let x be (3 - (-2 - -11))/2 - -418. Let a = -351 + x. What is the remainder when 171 is divided by a?
43
Let q(f) = 36*f - 1631. Calculate the remainder when q(47) is divided by 51.
10
Let m(x) = -x**3 - 16*x**2 - 17*x - 38. Let t be m(-15). What is the remainder when (t + 1 + 3)*1*-28 is divided by 62?
50
Calculate the remainder when 555 is divided by (321*(-4)/6)/(42/(-21)).
20
Let h(v) = 46*v**2 + 173*v + 1619. What is the remainder when h(-9) is divided by 15?
8
Suppose 0 = -7*p + 9*p + 6. Let b be ((0 + 0)/p)/2 - -330. What is the remainder when 29 is divided by (0 - 4/(-6))/(20/b)?
7
Let u(y) = -y**3 + 16*y**2 + 22*y + 35. Let w be u(17). Calculate the remainder when ((-3200)/w)/((-2)/9) is divided by 40.
0
Suppose -15*n + 550 = -9*n + 5*n. Calculate the remainder when n is divided by 20.
10
Suppose -s - 2*w + 151 = 0, 0 = -4*s - s - 3*w + 748. Calculate the remainder when s is divided by (-27)/(-3) - ((3 - (6 + -3)) + 3).
5
Suppose 3*u + 119 = -5*q - 72, -329 = 5*u + 3*q. Let s = -5 - u. What is the remainder when 215 is divided by ((-9)/(-6)*s)/3?
29
Let t be (-4)/(-18) - (-610)/90. Let d(u) = 10*u - 3. Let b be d(t). Let l = b + -24. Calculate the remainder when 83 is divided by l.
40
Let z(f) = -3*f - 3. Let k be z(-2). Suppose -t = k - 6. Let r(j) = -j**3 + 4*j**2 - 3*j. Calculate the remainder when t is divided by r(2).
1
Let c(p) = 5*p - 77. Let t be c(16). Suppose 12 = t*i, 3*l - 6*l - i + 79 = 0. What is the remainder when 371 is divided by l?
21
What is the remainder when 308 is divided by 3/(-9) + (22/242 - 10139/(-33))?
1
Suppose 0 = 11*k - 4 - 7. What is the remainder when (1892/(-129))/(k*(-2)/3) is divided by 9?
4
Suppose 2*n + 13*u - 27 = 8*u, -4*u + 30 = 3*n. Suppose 0 = 10*z + n*z - 336. What is the remainder when z is divided by 6?
3
Let l = -155 - -275. Suppose l*z = 114*z + 156. What is the remainder when z is divided by 4?
2
Let u(t) = -t**3 + 30*t**2 + t + 18. Suppose 0 = 3*l + 5*a - 110, -102 + 22 = -2*l - 5*a. Calculate the remainder when 91 is divided by u(l).
43
Calculate the remainder when (-268646)/(-133) + -5 + -1 + 18/171 is divided by 31.
30
Let c = -219 - -272. Suppose 2*v = 4*q + v - c, 4*v = -4*q + 68. Calculate the remainder when 52 is divided by q.
10
Let s(w) = 2*w**2 + 23*w - 79. Let r be s(3). Suppose r*c - 157 = 35. What is the remainder when 45 is divided by c?
21
Let f = -43 - -92. Let a(s) = -s**3 - 6*s**2 - 10*s - 237. What is the remainder when a(-9) is divided by f?
47
Suppose -5*d -